 13188381 is divided by 414.
411
Calculate the remainder when 1234672 is divided by 16462.
22
Calculate the remainder when 76011 is divided by 1794.
663
What is the remainder when 985221 is divided by 985151?
70
Calculate the remainder when 111079 is divided by 18505.
49
Calculate the remainder when 1366012 is divided by 18.
10
Calculate the remainder when 117275 is divided by 11625.
1025
Calculate the remainder when 4065126 is divided by 4376.
4198
Calculate the remainder when 710044 is divided by 39440.
124
What is the remainder when 8680 is divided by 7752?
928
Calculate the remainder when 6170593 is divided by 2056798.
199
What is the remainder when 55958 is divided by 2067?
149
Calculate the remainder when 507999 is divided by 16933.
9
Calculate the remainder when 6273575 is divided by 16685.
15
Calculate the remainder when 4465129 is divided by 260.
149
What is the remainder when 679744300 is divided by 43?
42
Calculate the remainder when 17369 is divided by 7.
2
Calculate the remainder when 195717589 is divided by 5304.
5293
Calculate the remainder when 828748 is divided by 75.
73
Calculate the remainder when 64809 is divided by 963.
288
What is the remainder when 985535935 is divided by 908?
907
What is the remainder when 4045095 is divided by 109?
105
What is the remainder when 6218746 is divided by 296130?
16
Calculate the remainder when 24116 is divided by 22345.
1771
Calculate the remainder when 65812 is divided by 65705.
107
What is the remainder when 61047 is divided by 3293?
1773
Calculate the remainder when 11587197 is divided by 24.
21
What is the remainder when 18528618 is divided by 14?
10
Calculate the remainder when 67896072 is divided by 1371.
39
Calculate the remainder when 635209 is divided by 13515.
4
What is the remainder when 2662859 is divided by 503?
480
What is the remainder when 2565356 is divided by 210?
206
Calculate the remainder when 160663191 is divided by 2312.
2311
What is the remainder when 163334437 is divided by 25?
12
Calculate the remainder when 13056909 is divided by 6528448.
13
Calculate the remainder when 1633 is divided by 1099.
534
What is the remainder when 13630793 is divided by 108?
5
Calculate the remainder when 9501316 is divided by 3710.
6
Calculate the remainder when 2338514 is divided by 779494.
32
Calculate the remainder when 67805740 is divided by 1241.
1223
What is the remainder when 42204418 is divided by 38?
22
Calculate the remainder when 2865914 is divided by 104.
90
What is the remainder when 102274389 is divided by 893?
885
What is the remainder when 52956 is divided by 2131?
1812
What is the remainder when 323428 is divided by 17020?
48
What is the remainder when 460076819 is divided by 2455?
2454
What is the remainder when 290437 is divided by 21809?
6920
What is the remainder when 36634 is divided by 67?
52
What is the remainder when 130221 is divided by 110?
91
Calculate the remainder when 97780 is divided by 1338.
106
What is the remainder when 73103 is divided by 36532?
39
Calculate the remainder when 8033737 is divided by 612.
13
Calculate the remainder when 10009622 is divided by 3336437.
311
Calculate the remainder when 2419013 is divided by 806336.
5
Calculate the remainder when 767908 is divided by 977.
963
Calculate the remainder when 23577 is divided by 3181.
1310
Calculate the remainder when 715109 is divided by 21.
17
Calculate the remainder when 35212307 is divided by 3176.
3171
What is the remainder when 10331 is divided by 114?
71
What is the remainder when 35615676 is divided by 44243?
61
What is the remainder when 8975404 is divided by 16?
12
Calculate the remainder when 344033 is divided by 470.
463
Calculate the remainder when 235077 is divided by 1526.
73
What is the remainder when 1860006 is divided by 265709?
43
Calculate the remainder when 70657530 is divided by 35328765.
0
Calculate the remainder when 29811 is divided by 220.
111
What is the remainder when 10728989 is divided by 825302?
63
What is the remainder when 1102597 is divided by 1525?
22
What is the remainder when 1270742 is divided by 2458?
2414
What is the remainder when 10630810 is divided by 285?
25
What is the remainder when 219938 is divided by 159?
41
Calculate the remainder when 928654 is divided by 5370.
5014
What is the remainder when 40652 is divided by 4353?
1475
What is the remainder when 137752 is divided by 68872?
8
What is the remainder when 860360 is divided by 430163?
34
Calculate the remainder when 14187355 is divided by 413.
392
Calculate the remainder when 20813 is divided by 428.
269
Calculate the remainder when 578472 is divided by 121.
92
Calculate the remainder when 83204062 is divided by 2208.
2206
Calculate the remainder when 571489 is divided by 47617.
85
What is the remainder when 136453032 is divided by 1559?
1557
What is the remainder when 1104863 is divided by 331?
316
Calculate the remainder when 1395719 is divided by 1055.
1009
Calculate the remainder when 946956 is divided by 86085.
21
Calculate the remainder when 7408658 is divided by 297.
290
What is the remainder when 12880570 is divided by 26074?
14
What is the remainder when 403021 is divided by 161?
38
What is the remainder when 6144357 is divided by 491?
474
Calculate the remainder when 270764 is divided by 53970.
914
What is the remainder when 37799341 is divided by 771415?
6
What is the remainder when 580691 is divided by 144899?
1095
Calculate the remainder when 26188973 is divided by 6547232.
45
Calculate the remainder when 217357 is divided by 72106.
1039
What is the remainder when 131528290 is divided by 1749?
1741
Calculate the remainder when 38845 is divided by 2277.
136
Calculate the remainder when 18178830 is divided by 122005.
85
What is the remainder when 53386986 is divided by 3094?
16
What is the remainder when 181957121 is divided by 4529?
17
Calculate the remainder when 34054 is divided by 3786.
3766
Calculate the remainder when 330559 is divided by 1044.
655
What is the remainder when 1606638 is divided by 726?
0
What is the remainder when 1631755 is divided by 16822?
21
Calculate the remainder when 2955788 is divided by 83.
75
Calculate the remainder when 4280382 is divided by 2846.
2844
What is the remainder when 51528 is divided by 133?
57
Calculate the remainder when 35532 is divided by 17229.
1074
Calculate the remainder when 76161 is divided by 3.
0
Calculate the remainder when 663847 is divided by 82353.
5023
What is the remainder when 185039 is divided by 1556?
1431
What is the remainder when 719062 is divided by 179578?
750
Calculate the remainder when 351968 is divided by 87878.
456
Calculate the remainder when 85638837 is divided by 121.
119
What is the remainder when 649073 is divided by 324532?
9
Calculate the remainder when 102004 is divided by 325.
279
What is the remainder when 572443 is divided by 7127?
2283
Calculate the remainder when 58630419 is divided by 8375774.
1
Calculate the remainder when 2212550 is divided by 107.
4
What is the remainder when 924120 is divided by 679?
1
What is the remainder when 475707 is divided by 14847?
603
Calculate the remainder when 45890112 is divided by 873.
867
Calculate the remainder when 22777338 is divided by 38217.
6
Calculate the remainder when 120635 is divided by 10956.
119
Calculate the remainder when 141143 is divided by 143.
2
What is the remainder when 23555 is divided by 725?
355
What is the remainder when 140463 is divided by 161?
71
What is the remainder when 67033519 is divided by 181?
169
What is the remainder when 474936 is divided by 237461?
14
Calculate the remainder when 6394702 is divided by 289.
288
What is the remainder when 29490050 is divided by 1466?
1460
What is the remainder when 19945661 is divided by 623300?
61
What is the remainder when 323228 is divided by 1291?
478
What is the remainder when 61106 is divided by 15134?
570
Calculate the remainder when 120404 is divided by 7473.
836
What is the remainder when 2833394 is divided by 472230?
14
Calculate the remainder when 13677 is divided by 360.
357
Calculate the remainder when 4587550 is divided by 25.
0
What is the remainder when 256436 is divided by 51003?
1421
What is the remainder when 1294403 is divided by 29?
17
Calculate the remainder when 